= 4 + -6. What is the remainder when (x/4 + 2)*28 is divided by 11?
9
Suppose -4*q = -2*m + 202, 3*m + 195 = 5*m + 3*q. What is the remainder when m is divided by 17?
14
Suppose 4*m = -3*m + 126. What is the remainder when 105 is divided by m?
15
Suppose -4*h + 5*w = -131, -4*h + 136 = -3*w - w. What is the remainder when h is divided by 10?
9
Suppose 8*k - 595 = 365. What is the remainder when k is divided by 31?
27
Suppose -3*d + 51 = 4*b, b - 5*b = -d - 31. What is the remainder when b is divided by 4?
1
What is the remainder when 16 is divided by (4/12)/(-2 - 79/(-39))?
3
Let s be 0/((-1)/((-2)/4)). Suppose 2*h - 8 = -s*h. Suppose -h*r = -4*y + 100, 13 + 3 = y + 2*r. Calculate the remainder when y is divided by 12.
10
Suppose 15 = -p - 5*n + 2, 5 = -p - 3*n. What is the remainder when 29 is divided by p?
1
Let z(g) = 6*g - 1 + g - 5. Suppose 14 - 38 = -4*s. What is the remainder when z(s) is divided by 13?
10
Let u = 0 - 0. Suppose 5*z - 5*m - 85 = u, 5*z + 0*m = -2*m + 85. Calculate the remainder when 65 is divided by z.
14
Suppose 8 = 4*i, -5*n + 0*i - 17 = -i. Let m = 8 + n. Calculate the remainder when 19 is divided by m.
4
Let u(t) = -30*t - 3. Let o be u(-2). Let x = o - 32. Suppose 2*n - 6 = 20. Calculate the remainder when x is divided by n.
12
Suppose 0 = 3*p + 5*x - x, -3*p - 5*x = 0. Suppose -2*o + 5*o - 63 = p. What is the remainder when (1 + 0)/(2/124) is divided by o?
20
Let q(r) = 54*r - 1. What is the remainder when q(1) is divided by 9?
8
Let i(z) = 4*z - 4*z**2 + 0 + 3*z**2 + 1. Suppose -2*c = -0 - 4. What is the remainder when i(3) is divided by c?
0
Let x be (-4)/6 - 44/(-12). Suppose -x*k + 4*y + 12 = 0, 4*k + 7*y - 16 = 2*y. Let u = k - -18. Calculate the remainder when u is divided by 12.
10
Calculate the remainder when 24 is divided by -4 + (3 - -8) - -2.
6
Let y = -33 - -35. What is the remainder when 5 is divided by y?
1
Suppose -h + 11 = g, 5*h + 3*g - 40 = h. Let c = -75 + 15. What is the remainder when (0 + -1)/(3/c) is divided by h?
6
Suppose k + 11 + 4 = d, 5*k = 3*d - 55. Let l = 138 + -117. Let b = d + l. What is the remainder when b is divided by 11?
9
What is the remainder when -1*(-3)/1 + 26 is divided by 6?
5
Suppose 0*m + 4*m - 20 = 0, -4*c + 447 = -5*m. Let a = 66 - c. What is the remainder when a*-2*(-3)/(-6) is divided by 18?
16
Let b(t) = 4*t**2 + 7*t - 12. What is the remainder when b(6) is divided by 16?
14
Suppose 0 = -2*s - 12 + 24. What is the remainder when 23 is divided by s?
5
Let j be (2 - 1) + 24/3. Suppose -3*o - 96 = -7*o. Let n = o - j. Calculate the remainder when 29 is divided by n.
14
Suppose -4*b - 1 - 4 = -5*k, 5*b = 5*k. Let s = -1 - -5. Calculate the remainder when k is divided by s.
1
Let t = 204 - 118. What is the remainder when t is divided by 29?
28
Let y = 14 - 3. What is the remainder when 19 is divided by y?
8
Let n(a) = 3*a + 1. Let h be n(4). Let t = -4 + h. What is the remainder when 25 is divided by t?
7
Let i(a) = 13*a - 4. Let t(p) = -p**3 + 8*p**2 + 5. Let u be t(8). Calculate the remainder when i(u) is divided by 16.
13
Let d = -16 - -6. Let t = 20 + d. Calculate the remainder when 18 is divided by t.
8
Let h(o) = -13*o**3 - 2*o - 1. Suppose -4*w + 0 - 4 = 0. Calculate the remainder when h(w) is divided by 9.
5
Suppose 0 = 5*r - 2*q - 229, -2*q + q = 2*r - 88. Calculate the remainder when r is divided by 8.
5
Let t = -9 + 11. What is the remainder when t is divided by 1?
0
Let v(z) = z**3 + 2*z**2 + 3*z. Let c be v(-2). Calculate the remainder when 18 is divided by 8 - (0 + c/3).
8
Suppose 45 + 75 = 5*a - 5*f, f - 26 = -a. What is the remainder when a is divided by 4?
1
Let w = -89 - -124. What is the remainder when w is divided by 4?
3
Suppose 4*t = 0, -4*p = -p - 3*t - 54. What is the remainder when 35 is divided by p?
17
Let g = 8 + 3. Suppose -1 = 2*o - g. Suppose -2*k + 6*k + 149 = o*x, 57 = 2*x + k. Calculate the remainder when x is divided by 10.
9
Suppose -z + 17 = 3*c, 2*z - 3*c - c - 44 = 0. Let q = 93 - z. Calculate the remainder when q is divided by 19.
16
Suppose -105 = -26*m + 11*m. Let b(d) be the second derivative of d**5/20 + 10*d**2 - 2*d. Calculate the remainder when b(0) is divided by m.
6
Let o = 9 - -11. Calculate the remainder when 56 is divided by o.
16
Suppose -1 = 3*o + 5, -4*a = -5*o - 86. Let r = 29 - a. What is the remainder when r is divided by 6?
4
Let y be (-14)/(-8) - 3/(-12). Suppose 4 = y*f - 2. Suppose -f*g + 45 = -12. Calculate the remainder when 56 is divided by g.
18
Let y(b) = -b**2 - 10*b - 2. Let f(c) = 3*c + 38. What is the remainder when y(-4) is divided by f(-10)?
6
Let o(r) = -r - 1. Let s be o(-1). Let i(f) = 2*f - 5. Let m be i(4). Suppose -c + m = -s. What is the remainder when 8 is divided by c?
2
Let q = -78 - -121. Calculate the remainder when q is divided by 12.
7
Let f be 1 + -1 + (-4)/(-2). Suppose v + 3 = 0, -f*u + v + 2 = 3*v. Suppose 2*j = a - u*a + 13, 0 = -2*j - 2. Calculate the remainder when a is divided by 3.
2
Suppose -3*h + 38 = 2*k, -k + 41 = 3*h + 7. Let y(u) = u**2 - 5*u + 6. Let p(g) = -4*g - 3. Let c be p(-2). What is the remainder when h is divided by y(c)?
4
Suppose 2*s = -2*s. Suppose 0 = a + 4*u - 5, s = a + 2*a - 2*u - 15. Calculate the remainder when a is divided by 3.
2
Suppose 3*k = k + 4. Suppose -15 = -6*x + 3*x, 0 = -k*q - x + 21. Let i(u) = -u**2 + 11*u - 12. What is the remainder when 35 is divided by i(q)?
11
Let x(j) = j**3 + 3*j**2 - 6*j - 3. What is the remainder when 7 is divided by x(-4)?
2
Suppose 2*y = 2 + 16. What is the remainder when 35 is divided by y?
8
Suppose 20*b = 9*b + 418. Let i be 101/4 + (-3)/12. Suppose -n - 3*s = -0*s - i, 0 = -2*n - 3*s + 38. What is the remainder when b is divided by n?
12
Let p(x) = 17*x**2 + x + 1. Let m(q) = q**2 + q. Let h be m(1). Let f(n) = 3*n**2 - 3*n. Calculate the remainder when p(-1) is divided by f(h).
5
Suppose 3*x = 16 + 11. Let q(p) = 31*p + 1. Calculate the remainder when q(1) is divided by x.
5
Let f = 6 - -7. Suppose t - 3*u + 7*u - f = 0, 4*t = -3*u + 39. Calculate the remainder when 34 is divided by t.
7
Let j(z) = -3*z + 6. What is the remainder when j(-6) is divided by 7?
3
Let r = -8 - -8. Let q = r + 7. Let s(h) = h**2 - 3*h - 6. Calculate the remainder when 43 is divided by s(q).
21
Let x(t) = -t**3 - t**2 + 2. Let p = 3 + 4. What is the remainder when x(-3) is divided by p?
6
Suppose 0 = o - 4*z + 10, 4*o + 22 = -z - 1. Let y = o + 14. Let f = -8 - -11. What is the remainder when y is divided by f?
2
Let g(l) = l. Let a be g(3). Suppose 6*r - 54 = a*r. Calculate the remainder when 53 is divided by r.
17
What is the remainder when (-168)/15*(-10)/4 is divided by 17?
11
Suppose 3*m = -2*m + 40. What is the remainder when 12 is divided by m?
4
Suppose 0 = -3*z + 4*z + 7. Let a(u) = u**3 + 7*u**2 - 2*u - 8. What is the remainder when 21 is divided by a(z)?
3
Suppose 4*p + 12 = -0. Let t = 15 + p. Calculate the remainder when 23 is divided by t.
11
Let k be (16/(-10))/(4/(-10)). Let n = k - 1. Calculate the remainder when 11 is divided by n.
2
Suppose 15*h - 14*h - 14 = 0. Calculate the remainder when 23 is divided by h.
9
Let n(s) = 4*s - 1. Calculate the remainder when (-2)/((4/5)/(-2)) is divided by n(1).
2
Suppose -19*m = 332 - 2194. Calculate the remainder when m is divided by 33.
32
Suppose -g = -0*g - 105. Calculate the remainder when g is divided by 36.
33
Let c = 20 + -16. Suppose c*w + 19 = 5*w + 5*j, 3*w + 5*j - 57 = 0. Calculate the remainder when 75 is divided by w.
18
Let k be 4/14 - 1124/14. Let p be 18/15*k/(-3). Suppose 2*d - p = -2*d. What is the remainder when 15 is divided by d?
7
Let a(z) = z**3 + 3*z**2 - 5*z + 5. Calculate the remainder when 127 is divided by a(3).
39
Suppose -o + 0*z = 5*z - 13, 94 = 5*o - 4*z. Let j = -10 + o. Calculate the remainder when j is divided by 3.
2
Let u = -96 - -160. Suppose 3*s - 7*s + u = 0. Calculate the remainder when 31 is divided by s.
15
Suppose 34 = c - 12. What is the remainder when c is divided by 24?
22
Suppose y = 6*y - 2*h - 194, -y + 2*h + 34 = 0. Calculate the remainder when y is divided by 14.
12
Suppose 0 = -5*i - 25, -3*q + 34 = -0*q - 2*i. Calculate the remainder when q is divided by 3.
2
Let h = 79 + 201. Suppose 0 = 5*u - 10*u + h. Suppose 3*